t s = w - 47. Is s a composite number?
False
Let r = 10 - 6. Suppose 4*j + j = -2*t + 123, j + r*t - 21 = 0. Is j a prime number?
False
Suppose 0 = l - 4, -5*l - 1410 - 297 = -p. Is p a prime number?
False
Let f be -6*(4 + 63/(-6))*1. Suppose f*z - 46*z + 38591 = 0. Is z a prime number?
False
Suppose z + 4*o - 16 = -2*z, -2*z + o = -18. Is -1749*(1 + z/(-6)) a composite number?
True
Let r = 10221 - -44. Is r/(2 - 7)*-1 a composite number?
False
Let q(u) = 14*u**2 - 22*u + 313. Is q(13) composite?
False
Let j(t) = -31 + 3*t**2 - t**3 + 31. Let o be j(3). Let q = 51 - o. Is q composite?
True
Let k be -480 + 1/(-1)*-1. Is k/2*(-7 + 5) a prime number?
True
Suppose 42*i - 8 = 38*i. Suppose 5*o = i*t + 10485, -t + 6282 = 3*o - 4*t. Is o composite?
False
Let s(u) = -u**3 - 4*u**2 + 3*u - 10. Let t be s(-5). Suppose 2*b = -t*b + 1338. Is b composite?
True
Let j(w) = 3*w**3 - 5*w**2 - 39*w + 3. Is j(14) a prime number?
True
Let a(v) = v + 3. Let p be a(-1). Is (p/4)/(-4 + (-2649)/(-662)) prime?
True
Let k(c) = c**2 - c - 4. Let b be k(4). Suppose -p + 5*x = b + 4, 5*p - 4*x = -18. Is ((-190)/15)/(p/3) prime?
True
Suppose -j - 3*p = 11, 0 = -4*j + 7*j - 5*p - 37. Suppose -m = 3*q - 19, 1 + 3 = 4*q - j*m. Suppose 1575 + 55 = q*b. Is b a prime number?
False
Let g(l) = l**3 - 12*l**2 - 10*l + 3. Let m be g(13). Suppose 5*b + m = 8*b. Suppose -3*s + 49 = -b. Is s composite?
True
Let b be ((-636)/(-8))/((-9)/(-192)). Let h = b + -951. Is h a composite number?
True
Suppose -22*y + 20 = -17*y. Suppose -8*m = -y*m - 1292. Is m a prime number?
False
Let l be -14*(-3)/((-18)/(-3)). Suppose -l*j + 9715 = -2*j. Is j prime?
False
Let f = 165 + -161. Let k = -3 + 5. Suppose -k*a = -3*i - 1463, 0*a + 3*a - 2237 = -f*i. Is a a composite number?
False
Is ((-1 - -6) + 1452)*1 a composite number?
True
Let y(t) = t**2 + 3. Let u be y(0). Let l be (-86)/(-6) - u/9. Suppose -b + l = 2*o, 0*b = 3*b + 5*o - 40. Is b a prime number?
False
Let o(b) = 310*b - 43. Is o(8) a composite number?
False
Suppose 0 = 2*c - 27 + 23. Suppose -c*r + 3556 = 2*r. Is r a composite number?
True
Suppose 2*d + 6 - 16 = 0. Let r = d - 2. Suppose -r*p + 0*p = -129. Is p a prime number?
True
Suppose 22*f - 41510 = 37668. Is f composite?
True
Let g = -152 - -158. Suppose -9*b = g*b - 30765. Is b prime?
False
Let t(v) = -v - 10. Let i(c) = -1. Let y(g) = 4*i(g) - t(g). Let s be y(-4). Suppose 157 = -h + s*h. Is h composite?
False
Suppose 2*f - 638 = 4*a, 3*f - 6*a = -8*a + 949. Is f composite?
False
Let t = -7 - -6. Let z(q) = -277*q**3 + q**2 - q - 1. Is z(t) a prime number?
False
Let q be -2*(-3)/(24/4916). Suppose -5*m + q + 426 = 0. Is m prime?
True
Let d = 79 + -64. Suppose 0 = d*o - 14*o - 1739. Is o a prime number?
False
Is (-6598)/(-3)*((-36)/(-8) - 3) a composite number?
False
Is 33092/20 + 64/160 a prime number?
False
Let p(q) = q**3 - 8*q**2 - 12*q. Let u be p(13). Let h be (-8)/(-16) + u/2. Suppose -2*b - b = -h. Is b a prime number?
False
Suppose -5*w + 15 = -2*w. Suppose -6*v + v = u - 2042, -w*v + 2051 = -2*u. Is v a prime number?
True
Let t = -3471 - -6620. Is t prime?
False
Let m be (-1)/(-9) - 1991/99. Let g = -17 - m. Suppose 3*p = -q + 857, -p - g*q + 95 + 180 = 0. Is p prime?
False
Let n = -67 + 334. Is n composite?
True
Suppose 5*m = -m + 30. Suppose 76 = 3*v - 2*y, -29 = -m*v + 3*v - 3*y. Is v prime?
False
Let l be ((-24)/(-4) + -4)*(-3 - -1). Is -2*(l - (-666)/(-4)) composite?
True
Suppose 4*s - 16 = 2*s - 4*i, 0 = -4*s + 3*i + 43. Let r = 429 - 361. Let g = r - s. Is g prime?
False
Let j(b) = -6*b - 11. Is j(-10) a prime number?
False
Let q = -1077 - -294. Let a = 1154 + q. Is a a prime number?
False
Let a(h) = -15*h + 26. Let s be a(9). Let w = s - -626. Is w a composite number?
True
Let z(h) = 101*h + 34. Is z(25) prime?
False
Suppose -144063 - 53552 = -11*h. Is h prime?
False
Suppose 0 = -59*v - 14410 + 289409. Is v composite?
True
Let m(j) = -13*j**3 + 7*j**2 - 6*j + 1. Let b(u) = 12*u**3 - 8*u**2 + 7*u - 2. Let t(z) = 5*b(z) + 6*m(z). Is t(-3) a composite number?
False
Let i(g) = -18*g - 5 + 13*g - 9*g. Is i(-2) a prime number?
True
Let h be (1 - 6)/((-3)/(-6)*-2). Suppose -587 = -6*z + h*z. Is z composite?
False
Let a(n) = -225*n + 35. Let v(p) = 113*p - 18. Let u(l) = 3*a(l) + 7*v(l). Is u(8) a prime number?
True
Let q = -86 - -49. Let d = q - -22. Is d/10*(3 + -5) a composite number?
False
Let t = 492 - -16309. Is t a prime number?
False
Let a = -4877 + 7950. Is a composite?
True
Suppose 4*n = 3*n - 5*g + 2370, 4*n - 9556 = -g. Suppose -2*c + 3*f + 2366 = 0, 3*c + 3*f - n = c. Is c composite?
True
Let f(o) = 744*o**2 - 19*o - 76. Is f(7) a composite number?
True
Suppose 0 = -l - 871 + 245. Let x = l - -981. Is x a composite number?
True
Let m(d) = d**3 + 13*d**2 - 20*d - 23. Is m(11) a prime number?
False
Let v(u) = -915*u + 907. Is v(-56) composite?
False
Let s be 30/12 + (-1)/2. Let y be s - (-889 - (-3 + 4)). Is (-6)/4*y/(-6) prime?
True
Let p(z) = 2 + 1141*z - 30 - 952*z. Is p(11) prime?
False
Suppose 1 = -16*f - 31. Is -23*((-1572)/(-24))/(f/4) a prime number?
False
Let n(r) = -r**2 + 8*r - 5. Let p be n(3). Suppose 2*d + p = 3*h, -d - 8 = 3*d. Is ((-130)/13)/(h/(-127)) composite?
True
Let p(g) be the first derivative of 2*g**3 - g - 1. Let o be p(1). Suppose -o*u = -28 - 37. Is u a prime number?
True
Let a be (-6)/15 - 943/5. Let h = -122 - a. Suppose 0 = 4*s - 57 - h. Is s a prime number?
True
Let y = -3 + 6. Suppose -4*s = -y*s - 79. Is s a prime number?
True
Suppose 144 = -m + 3*m. Is m/27*(-1437)/(-4) composite?
True
Let o be (-2)/15 + (-2)/(-15). Suppose o = 2*s - 4*s. Suppose s*k + 2*k + 4*f - 322 = 0, -5*k - 3*f = -826. Is k a prime number?
True
Suppose -6*r + 3444 = -3282. Is r a prime number?
False
Suppose -3*j = 3*w + 14505, -w - 4*j + 5*j - 4829 = 0. Is 2/(-7) - w/56 composite?
True
Let p be (-579)/15 + 10/(-25). Let l = 293 + p. Let t = -85 + l. Is t prime?
False
Suppose 7*g + 13 = 3*g - v, 3*g - 3*v = -21. Let a(y) = y**2 + 4*y + 5. Let u be a(g). Suppose 2 = 2*t - t, -u*t - 122 = -4*j. Is j composite?
True
Let c(b) be the first derivative of -70*b**2 - 12*b - 4. Let r be c(-5). Suppose 3*d = 5*o + r, -o + 0*o = 5. Is d prime?
False
Let h = 25 - 23. Suppose b = h*z + 1247, 1232 = 3*b - 2*b - 5*z. Is b composite?
True
Suppose -9*j + 7963 = -11450. Is j a prime number?
False
Let m(z) = 12*z - 8. Let t be m(-6). Let p be 6/8 + 1802/8. Let d = p + t. Is d a prime number?
False
Suppose -25380 = -3*a - 3*l, 0 = -2*a + 6*l - 4*l + 16936. Let c = a - 4709. Is c composite?
True
Let t = -9832 - -38555. Is t a prime number?
True
Suppose z = 4 - 1. Suppose 72 = -z*h + 4*a + 243, -4*h + 3*a + 221 = 0. Is h a prime number?
True
Let g(q) = 38*q**2 - 125*q + 17. Is g(-20) prime?
False
Let l(u) be the second derivative of -u**4/24 + 7*u**3/6 - 3*u**2 - 2*u. Let b(f) be the first derivative of l(f). Is b(-6) a composite number?
False
Let u(r) = 21*r**3 + 4*r**2 + 28*r - 13. Is u(6) a composite number?
True
Let a be (1 - (-12)/(-8)) + 15/6. Suppose 942 = a*f - u, -3*f + 1017 = -2*u - 396. Is f prime?
False
Let l = -261 + 72. Suppose 5*v - 1518 = 212. Let f = l + v. Is f composite?
False
Let d(t) = -t**2 + 11*t + 15. Let m be d(12). Suppose 3*n = m*w - 2916, 5*n + 4855 = 5*w + n. Is w a composite number?
False
Suppose -49*r = -14*r - 4333385. Is r composite?
True
Suppose 0 = -0*b + 6*b - 18. Suppose 4*h = 5*h - 3*q - 3, b*h + 4*q = -4. Suppose 0*f + 4*f - 348 = h. Is f composite?
True
Suppose 0 = -4*g + 16, 2*f - g = -0 + 8. Suppose 0 = f*v + 2229 - 9075. Is v a prime number?
False
Let o(y) = -y**3 - y + 1. Let j(m) = 6*m**3 - 14*m**2 + 22*m + 10. Let u(g) = j(g) + 5*o(g). Is u(13) prime?
True
Let d be (-212)/12 + (-1)/3. Let i = d - -15. Is i*((-212)/6 - 3) a prime number?
False
Suppose -3*l + 32661 = 5*w + l, -5*w + 32657 = 3*l. Is w a prime number?
True
Suppose d + 3 = -v, 10 + 10 = 4*d. Is v/(-52) - ((-1649)/13 - 0) composite?
False
Is -2*(8 + (-11331)/6) a composite number?
False
Suppose -j = 0, 0*l - 676 = 4*l - 5*j. Let w = 364 - l. Is w composite?
True
Let j = 5458 + 6739. Is j prime?
True
Let j = 518 + 13655. Is j prime?
True
Let l = 29 + -27. Let y be (l - (-28)/(-12))*-9. Suppose y*i = -87 + 696. Is i prime?
False
Let q(t) = 21668*t + 113. Is q(3) composi